highest common factor of 4 and h?
4
Let w(s) = s + 5. Let a be w(-7). Let f be (6/9)/(a/(-6)). Suppose -15 = -3*i + r + 1, f*r = i - 2. What is the greatest common factor of 48 and i?
6
Let p be 16/(-12)*(-6)/4. Let f be p/(-3)*-3 + 0. Suppose -2*c + 5*a + 37 = 0, -c - f*a - 3*a = 4. Calculate the greatest common factor of c and 1.
1
Suppose 2*n + 4 = n, -4 = -3*d + 4*n. Let k = d + 4. Suppose 5*r - 54 = j, r - 3*j = -k*r + 22. What is the greatest common divisor of r and 10?
10
Let b be (-84)/(-30) - 1/(-5). What is the highest common factor of 3 and b?
3
Let z(g) = 5*g + 2. Let f be z(3). Calculate the greatest common divisor of f and 68.
17
Suppose -m = -4*m + 6. Let p(i) = -i**3 + i**2 + 3*i - 1. Let v be p(m). What is the highest common factor of v and 1?
1
Let n(i) be the second derivative of 3*i**5/4 - i**4/12 - i. Let v be n(1). Calculate the greatest common factor of v and 98.
14
Suppose -3*l + 16 = -l. Suppose 3*b + b + l = 0. Let d(x) = 5*x**2 + 1. Let a be d(b). Calculate the greatest common factor of a and 21.
21
Suppose -z - 26 = -5*c + 22, 2*z = -3*c + 34. Let t be c - 10 - -9*1. What is the highest common divisor of t and 36?
9
Suppose -3*y + c - 37 = -497, -2*y + 5*c = -324. What is the highest common divisor of y and 19?
19
Let o(x) = -2*x - 1. Let v be o(-3). Let q(l) = -l**3 + 6*l**2 + 6*l - 3. Let i be q(v). Calculate the greatest common factor of i and 26.
26
Let o be 1 - 4 - 0 - -139. Let b = o - 64. What is the highest common factor of b and 9?
9
Let s be 2/2*1*30. Suppose a = s + 18. Suppose -24 - 8 = -2*t. Calculate the highest common divisor of t and a.
16
Suppose -5*i + 3*i + 3*n + 1403 = 0, 0 = 5*i - n - 3501. Suppose 0*w - 4*w = -i. What is the highest common factor of w and 35?
35
Let n(g) = -g + 37. Let f be n(7). What is the highest common divisor of f and 150?
30
Let x(c) = c**3 + 7*c**2 - 17*c + 15. Let r be x(-9). Calculate the greatest common divisor of r and 18.
6
Let t(c) = c**2 - 4*c + 1. Let n be t(5). Suppose n*i - i = 55. Let s be (88/(-10))/(3/(-30)). What is the highest common factor of s and i?
11
Let u(z) = 6*z**2 + 3*z + 4. Let p be u(-3). Calculate the highest common factor of 7 and p.
7
Suppose -3*q = -5*y - 0*q + 29, -3*q = 2*y + 1. Suppose -f = -b - 12, y*f + 3*b = -0*f + 48. What is the highest common divisor of f and 132?
12
Suppose -4*t + 225 + 79 = 0. What is the greatest common factor of t and 19?
19
Let a = 288 - 144. Suppose -4*z + a = -2*z. Let d = -4 + 12. Calculate the greatest common divisor of d and z.
8
Let p be 98/(-4)*(-4)/(-2). Let d = p + 74. What is the greatest common divisor of d and 10?
5
Suppose -20 = -6*s + s. Suppose -s*t - 4*x = 2 - 14, -15 = -5*t - 3*x. What is the highest common factor of 24 and t?
3
Suppose -4*i + 342 = 90. Let w(k) = -2*k - 5. Let q be w(-5). Let z(a) = a**3 - 5*a**2 + 3*a - 6. Let p be z(q). What is the greatest common divisor of p and i?
9
Suppose f - 31 = 2*b, 0 = -3*f + b + 64 + 4. Calculate the highest common divisor of 3 and f.
3
Suppose -w - 6*n = -3*n, 5*n = w + 16. Let b = 14 + w. What is the highest common factor of 12 and b?
4
Let s(c) = -2*c + 9. Let p be s(0). What is the highest common factor of p and 63?
9
Suppose 5*h + 4 = -31. Let o = h - -7. Let y be 7 - (2 + (-3 - o)). What is the highest common factor of y and 8?
8
Suppose -11 = 4*l + 41. Let t be (l + -1)*30/(-35). Suppose 0 = 4*u + 5*w - 167, -3*u + 2*w + 134 = 4*w. Calculate the greatest common divisor of t and u.
12
Suppose 2*a + 13 = w + 3*a, -3*w + a + 35 = 0. Let t be (-423)/3 - (2 + -3). Let l = t + 224. Calculate the highest common divisor of w and l.
12
Suppose -12 = -i - i - 2*d, -4*i + 4 = -d. Suppose -3*x = i*x - 105. Calculate the highest common factor of x and 21.
21
Let s(p) = p**3 - 5*p**2 + 4*p + 4. Let n be s(4). Calculate the highest common factor of n and 8.
4
Let g be 2/(-10) + 80/25. Let p be 4/12 - (-167)/g. Suppose 0 = -5*v + 236 - p. What is the highest common divisor of 9 and v?
9
Let q(s) = -s**3 + 12*s**2 - 19*s + 4. Let b be q(10). What is the greatest common factor of 7 and b?
7
Let g(b) = 2*b**2 + 9*b + 59. Let v be g(-8). Let u = -5 - -9. Suppose -6*a + w + 89 = -2*a, -u*w + 35 = a. What is the greatest common divisor of v and a?
23
Let g(u) = 43*u**2 - u - 1. Let s be g(-1). Suppose -s - 25 = -4*d - 2*q, -12 = -3*q. Suppose 2*l - d = -1. Calculate the greatest common factor of l and 7.
7
Suppose -77 = -3*o - 197. Let z be (27/4)/((-2)/o). What is the greatest common factor of 15 and z?
15
Let n(w) = -3*w + 3. Suppose -2*x = 1 + 13. Let t be n(x). Calculate the highest common divisor of t and 3.
3
Let m(z) be the second derivative of -z**4/12 + z**3 + 2*z**2 + 7*z. Let d be m(3). Calculate the greatest common divisor of 143 and d.
13
Let u(y) = 4*y - 15. Let l be u(15). Calculate the greatest common divisor of 18 and l.
9
Let b = 58 + -24. Let h be (-3)/12 + 11/(-4). Let l be (-2)/6 - b/h. What is the greatest common factor of l and 1?
1
Suppose 9 = 5*z - 6. Suppose 0*b + 2*b = -z*u + 174, b = 2*u + 73. Calculate the greatest common factor of 9 and b.
9
Suppose -4*h = -48 - 172. Suppose 2*j - 8 = 36. Calculate the greatest common divisor of h and j.
11
Suppose -596 + 136 = -5*b. Suppose -q - 4*n + 17 = -35, 4*n + b = 3*q. Calculate the highest common factor of 24 and q.
12
Suppose -k + 7 = -4. Let d(v) = -v**2 + 3*v - 3. Let h be d(3). Let a(x) = -19*x - 2. Let b be a(h). What is the greatest common divisor of k and b?
11
Let w be (0 - 6)*6/9. Let h(v) = -v**2 - 4*v + 5. Let d be h(w). Suppose -172 = -d*c + 3. What is the greatest common factor of 7 and c?
7
Let n(w) = -14*w**2 + 2*w + 4. Let i be n(-4). Let t = 338 + i. Calculate the greatest common factor of t and 22.
22
Suppose 0 = -s - s + 10. Suppose 36 = -5*q + 5*l + 386, 0 = s*q - 4*l - 355. What is the greatest common factor of 30 and q?
15
Let t(j) = -6*j**3 - j**2 - j - 2. Let b be t(-3). Let v be (-4)/((-8)/70*(-20)/(-8)). What is the highest common divisor of b and v?
14
Let c be 28/(-6)*(-3)/2. Calculate the greatest common divisor of 14 and c.
7
Let y be -3 + 16 - 1/(-1). Let a be (-2)/(-1 + 48/49). Calculate the greatest common factor of y and a.
14
Let d = -14 + 28. Let w be 1334/d + (-2)/7. Calculate the highest common divisor of w and 19.
19
Let m = -44 - -4. Let p = -28 - m. Calculate the greatest common divisor of p and 3.
3
Let h be (-6)/(-30) + (-196)/(-20). What is the greatest common factor of 80 and h?
10
Let y = 60 + -20. Calculate the greatest common divisor of y and 10.
10
Let h be (-6)/15 - 708/(-20). Calculate the greatest common divisor of h and 140.
35
Suppose 0 = -u + 1 + 3. Suppose 2*i = u*f + 34, i = -i - 5*f + 25. Calculate the greatest common divisor of i and 45.
15
Suppose -50 = i - 6*i. Suppose -10 = -o + i. Suppose j = -0*j + 4*d + 8, 5*d = -j - 1. What is the greatest common divisor of o and j?
4
Let q = 80 - -8. Suppose 2 + 13 = t + 4*p, -4*p = -5*t + 51. Calculate the highest common factor of t and q.
11
Let d = -9 - -10. Let a be (-10)/6*(d + -4). Calculate the greatest common divisor of 40 and a.
5
Let u(f) = -7*f - 8. Let l be u(6). Let k(z) = z**3 + 4*z**2 + z - 4. Let x be k(-3). Let c be x/4 - l/4. Calculate the greatest common divisor of 13 and c.
13
Let x = 13 + -11. Suppose 92 = 4*w - 4*t, -w = 3*w + x*t - 74. What is the greatest common divisor of 180 and w?
20
Let z = -20 - -54. Let l be (-7)/(-4) - 6/(-24). Let v be (10/3)/(l/51). What is the highest common factor of v and z?
17
Suppose -5 = -z, -3*d - 3*z + 12 = -27. Let b be d/(-36) - 497/(-9). Let m = 21 + -10. What is the highest common factor of b and m?
11
Let t be 606/15 - (-4)/(-10). What is the greatest common divisor of 5 and t?
5
Suppose s + 2*s - 24 = 0. Let q(j) = -6*j + 12. Let a be q(-17). Suppose 2*o = 14 + a. Calculate the greatest common divisor of s and o.
8
Let w be (1 + -5)/(4/(-23)). Let l(m) = -13*m - 3. Let r be l(-2). What is the highest common divisor of r and w?
23
Let n be (2 - 1) + 2 + -5. Let o = 0 + -1. Let z = o - n. What is the greatest common divisor of 5 and z?
1
Let p = 44 - 26. What is the highest common divisor of p and 12?
6
Suppose 5*g - y = 115, 101 = 4*g - 0*y + y. Let i be 51/(-15) + (-3)/5. Let p = -1 - i. Calculate the greatest common divisor